01
What are the prime factors of 218710334?
2, 239, 457553
List the prime factors of 294214451.
1259, 233689
List the prime factors of 524304914.
2, 7, 37450351
What are the prime factors of 173885753?
3929, 44257
List the prime factors of 68972068.
2, 11, 431, 3637
What are the prime factors of 1709149669?
1709149669
What are the prime factors of 74787466?
2, 13, 521, 5521
What are the prime factors of 4284568745?
5, 31, 251, 110129
List the prime factors of 38212743.
3, 19, 670399
What are the prime factors of 1753807642?
2, 876903821
List the prime factors of 83680986.
2, 3, 13946831
What are the prime factors of 819750701?
7, 11, 31, 343423
List the prime factors of 53939893.
7, 7705699
What are the prime factors of 290291108?
2, 43, 1687739
List the prime factors of 24976973.
7, 157, 22727
What are the prime factors of 123080169?
3, 47, 167, 5227
List the prime factors of 1866578725.
5, 11, 1019, 6661
List the prime factors of 496806052.
2, 739, 168067
What are the prime factors of 1152862185?
3, 5, 127, 605177
List the prime factors of 189883460.
2, 5, 13, 730321
List the prime factors of 479861679.
3, 11, 31, 42643
List the prime factors of 4476102730.
2, 5, 11, 29, 1403167
What are the prime factors of 85947474?
2, 3, 29, 211, 2341
List the prime factors of 71606865.
3, 5, 11, 433981
List the prime factors of 9999581.
863, 11587
List the prime factors of 7859643532.
2, 13, 151146991
List the prime factors of 2677968.
2, 3, 6199
List the prime factors of 30649182.
2, 3, 5108197
List the prime factors of 179527017.
3, 59842339
List the prime factors of 312527793.
3, 233, 447107
What are the prime factors of 1473042774?
2, 3, 7, 23, 127, 12007
What are the prime factors of 427353773?
7, 11, 29, 97, 1973
What are the prime factors of 15609014?
2, 389, 20063
List the prime factors of 1304999735.
5, 13, 20076919
What are the prime factors of 19361839?
7, 2765977
List the prime factors of 406656038.
2, 29, 113, 62047
What are the prime factors of 599317601?
23, 37, 704251
List the prime factors of 36137585.
5, 11, 657047
What are the prime factors of 1005207463?
13, 2699, 28649
List the prime factors of 81286903.
2903, 28001
List the prime factors of 1109670748.
2, 163, 563, 3023
List the prime factors of 149905087.
619, 242173
List the prime factors of 588372681.
3, 13, 89, 337, 503
List the prime factors of 49842982.
2, 7, 3560213
What are the prime factors of 96282933?
3, 32094311
What are the prime factors of 2388164186?
2, 37, 43, 463, 1621
List the prime factors of 3068331119.
7, 1427, 307171
List the prime factors of 731595759.
3, 41, 1907, 3119
What are the prime factors of 23932782?
2, 3, 1329599
What are the prime factors of 14824585?
5, 379, 7823
What are the prime factors of 1530240730?
2, 5, 4421, 34613
What are the prime factors of 15943798?
2, 13, 43, 1097
List the prime factors of 109238612.
2, 7, 71, 54949
List the prime factors of 8223980142.
2, 3, 7, 23, 31, 274627
List the prime factors of 116470569.
3, 79, 113, 4349
List the prime factors of 680504746.
2, 31, 10975883
List the prime factors of 2173062971.
223, 9744677
List the prime factors of 3895234258.
2, 31, 53, 1185403
List the prime factors of 4023185140.
2, 5, 13, 503, 30763
What are the prime factors of 8848945?
5, 7, 252827
What are the prime factors of 573795?
3, 5, 41, 311
What are the prime factors of 3762745686?
2, 3, 7, 1999, 14939
What are the prime factors of 34888520?
2, 5, 163, 5351
List the prime factors of 142220448.
2, 3, 54869
List the prime factors of 2565313159.
103, 1153, 21601
What are the prime factors of 94571566?
2, 127, 199, 1871
List the prime factors of 706581261.
3, 2693, 29153
What are the prime factors of 36738412?
2, 9184603
What are the prime factors of 11676199?
227, 51437
What are the prime factors of 154025228?
2, 7, 37, 67, 317
What are the prime factors of 1670519626?
2, 317, 397, 6637
What are the prime factors of 1453471653?
3, 113, 467, 9181
List the prime factors of 63247067.
13, 19, 19697
What are the prime factors of 53737436?
2, 59, 109, 2089
What are the prime factors of 842496246?
2, 3, 46805347
What are the prime factors of 128983972?
2, 13, 631, 3931
List the prime factors of 4339246.
2, 1277, 1699
List the prime factors of 41444996.
2, 97, 223, 479
List the prime factors of 352127801.
449, 784249
List the prime factors of 201523107.
3, 67174369
What are the prime factors of 1658978035?
5, 11, 13, 47, 49367
What are the prime factors of 3632933949?
3, 17, 47, 1515617
List the prime factors of 337035841.
337035841
What are the prime factors of 843336277?
7, 233, 517067
What are the prime factors of 5836320970?
2, 5, 5039, 115823
What are the prime factors of 7919910169?
47, 139, 1212293
List the prime factors of 195448397.
31, 6304787
What are the prime factors of 1691876302?
2, 601, 1407551
List the prime factors of 88762530.
2, 3, 5, 1093, 2707
List the prime factors of 4625028.
2, 3, 128473
What are the prime factors of 321976014?
2, 3, 19, 2824351
List the prime factors of 315354207.
3, 7, 29, 517823
List the prime factors of 30358690.
2, 5, 3035869
List the prime factors of 1056551604.
2, 3, 88045967
What are the prime factors of 1716010351?
11, 41, 137, 27773
What are the prime factors of 270862122?
2, 3, 17, 23, 263, 439
What are the prime factors of 40780996?
2, 31, 103
List the prime factors of 2603969649.
3, 883, 327667
List the prime factors of 4218487808.
2, 37, 111341
List the prime factors of 93594711.
3, 7, 4456891
List the prime factors of 80031322.
2, 7, 181, 31583
List the prime factors of 706288711.
193, 3659527
List the prime factors of 2189302198.
2, 167, 173, 37889
What are the prime factors of 170505635?
5, 34101127
List the prime factors of 123592347.
3, 13732483
What are the prime factors of 3424679900?
2, 5, 34246799
What are the prime factors of 313014079?
7, 71, 629807
What are the prime factors of 280826911?
1367, 205433
List the prime factors of 54148941.
3, 7, 11, 78137
List the prime factors of 32726207.
17, 1925071
List the prime factors of 1114699687.
113, 9864599
What are the prime factors of 34043153?
34043153
List the prime factors of 3889796.
2, 619, 1571
What are the prime factors of 15160327?
7, 13, 166597
What are the prime factors of 115206683?
53, 2173711
List the prime factors of 836449398.
2, 3, 2971, 15641
List the prime factors of 23919519.
3, 13, 29, 21149
List the prime factors of 2442853961.
647, 3775663
List the prime factors of 49147536.
2, 3, 53, 19319
List the prime factors of 838647678.
2, 3, 11, 12706783
What are the prime factors of 114229814?
2, 277, 206191
List the prime factors of 7817638.
2, 61, 139, 461
What are the prime factors of 1531578170?
2, 5, 727, 210671
List the prime factors of 358965883.
149, 2409167
List the prime factors of 845547537.
3, 31, 9091909
What are the prime factors of 799849621?
799849621
List the prime factors of 41064843.
3, 17, 353, 2281
List the prime factors of 61045528.
2, 337, 22643
List the prime factors of 49443880.
2, 5, 449, 2753
What are the prime factors of 2898578761?
13, 17, 1721, 7621
List the prime factors of 4614697081.
89, 51850529
List the prime factors of 1037002361.
1037002361
What are the prime factors of 977978801?
379, 2580419
List the prime factors of 418030846.
2, 31, 6742433
What are the prime factors of 1213891929?
3, 631, 213751
List the prime factors of 37280059.
37280059
List the prime factors of 2462978706.
2, 3, 31, 13241821
What are the prime factors of 861724?
2, 211, 1021
List the prime factors of 6399795204.
2, 3, 11, 5387033
List the prime factors of 27711943.
7, 827, 4787
List the prime factors of 528101688.
2, 3, 22004237
List the prime factors of 1857975144.
2, 3, 23, 71, 47407
What are the prime factors of 359607189?
3, 2467, 48589
List the prime factors of 57072937.
6389, 8933
List the prime factors of 1898146871.
313, 2089, 2903
What are the prime factors of 169200217?
169200217
What are the prime factors of 2078102666?
2, 1039051333
What are the prime factors of 179030468?
2, 17, 2632801
List the prime factors of 458542702.
2, 37, 79, 78437
List the prime factors of 3169105191.
3, 7, 50303257
List the prime factors of 2198443097.
37, 59417381
List the prime factors of 136958466.
2, 3, 5